{"id":1977,"date":"2015-08-03T19:11:32","date_gmt":"2015-08-03T19:11:32","guid":{"rendered":"http:\/\/www.clubederh.com.br\/?page_id=1977"},"modified":"2015-08-04T18:24:28","modified_gmt":"2015-08-04T18:24:28","slug":"central-de-compras-coletivas","status":"publish","type":"page","link":"https:\/\/www.clubederh.com.br\/?page_id=1977","title":{"rendered":"Plano de A\u00e7\u00e3o para Redu\u00e7\u00e3o de Custos &#8211; Central de Compras Coletivas"},"content":{"rendered":"<p>[av_heading heading=&#8217;ETAPAS DE IMPLANTA\u00c7\u00c3O&#8217; tag=&#8217;h1&#8242; color=&#8221; style=&#8217;blockquote classic-quote&#8217; padding=&#8217;0&#8242;]<\/p>\n<p>[av_hr class=&#8217;default&#8217; height=&#8217;50&#8217; shadow=&#8217;no-shadow&#8217; position=&#8217;center&#8217;]<\/p>\n<p>[av_heading heading=&#8217;COMPRAS CONJUNTAS DE EPI-EQUIPAMENTOS DE PROTE\u00c7\u00c3O INDIVIDUAL&#8217; tag=&#8217;h3&#8242; color=&#8221; style=&#8217;blockquote classic-quote&#8217; padding=&#8217;7&#8242;]<\/p>\n<p>[av_textblock]<br \/>\n<span style=\"color: #000000;\">Com o objetivo de assegurar que as empresas participantes se sintam seguras sobre as vantagens em participar da CENTRAL DE COMPRAS COLETIVAS, a implanta\u00e7\u00e3o ser\u00e1 em duas Etapas:<\/span><br \/>\n[\/av_textblock]<\/p>\n<p>[av_hr class=&#8217;invisible&#8217; height=&#8217;20&#8217; shadow=&#8217;no-shadow&#8217; position=&#8217;center&#8217;]<\/p>\n<p>[av_icon_box icon=&#8217;ue812&#8242; font=&#8217;entypo-fontello&#8217; position=&#8217;left&#8217; title=&#8217;ETAPA 1 &#8211; COTA\u00c7\u00c3O ADICIONAL&#8217; link=&#8221; linktarget=&#8221;]<br \/>\n<span style=\"color: #000000;\"><strong>Cen\u00e1rio Atual:<\/strong><\/span><\/p>\n<ul>\n<li><span style=\"color: #000000;\">Voc\u00ea pode ter d\u00favidas se a CENTRAL DE COMPRAS COLETIVAS ir\u00e1 conseguir valores melhores do que voc\u00ea tem hoje.<\/span><\/li>\n<li><span style=\"color: #000000;\">A sua empresa tem interesse e necessidade de Reduzir Custos e verificar se existem melhores condi\u00e7\u00f5es comerciais para comprar os produtos de EPI homologados pela sua empresa.<\/span><\/li>\n<li><span style=\"color: #000000;\">A sua empresa realiza periodicamente as suas cota\u00e7\u00f5es atrav\u00e9s de e-mail e efetiva as compras individualmente com seus fornecedores de EPI.<\/span><\/li>\n<\/ul>\n<p><span style=\"color: #000000;\">\u00a0<\/span><span style=\"color: #000000;\"><strong>Cen\u00e1rio Proposto:<\/strong><span style=\"line-height: 13px;\">\u00a0<\/span><\/span><\/p>\n<ul>\n<li><span style=\"color: #000000;\">Verifique se a CENTRAL DE COMPRAS COLETIVAS oferece realmente Redu\u00e7\u00e3o de Custos para a sua empresa!<\/span><\/li>\n<li><span style=\"color: #000000;\">Envie por e-mail as mesmas cota\u00e7\u00f5es que voc\u00ea est\u00e1 enviando para os seus fornecedores para o CLUBE DE RH no e-mail <a href=\"mailto:murilo@clubederh.com.br\"><span style=\"color: #000000;\">murilo@clubederh.com.br<\/span><\/a> <\/span><\/li>\n<li><span style=\"color: #000000;\">O CLUBE DE RH ir\u00e1 organizar a sua cota\u00e7\u00e3o em conjunto com as cota\u00e7\u00f5es das demais empresas interessadas e iremos pedir or\u00e7amentos para os fornecedores indicados pelas empresas associadas do CLUBE DE RH.<\/span><\/li>\n<li><span style=\"color: #000000;\">Receba relat\u00f3rios do CLUBE DE RH contendo os valores obtidos para as COMPRAS COLETIVAS de v\u00e1rios fornecedores e analise se os valores s\u00e3o vantajosos para a sua empresa.<\/span><\/li>\n<\/ul>\n<p><strong><span style=\"text-decoration: underline;\">IMPORTANTE:<\/span><span style=\"color: #000000;\"> Participar da Etapa 1 n\u00e3o gera qualquer tipo de custo ou investimento para a sua empresa. Basta nos enviar uma c\u00f3pia dos e-mails de cota\u00e7\u00e3o que voc\u00ea envia normalmente para os seus fornecedores.<\/span><\/strong><br \/>\n[\/av_icon_box]<\/p>\n<p>[av_hr class=&#8217;invisible&#8217; height=&#8217;30&#8217; shadow=&#8217;no-shadow&#8217; position=&#8217;center&#8217;]<\/p>\n<p>[av_icon_box icon=&#8217;ue812&#8242; font=&#8217;entypo-fontello&#8217; position=&#8217;left&#8217; title=&#8217;ETAPA 2 \u2013 LEIL\u00c3O REVERSO&#8217; link=&#8221; linktarget=&#8221;]<br \/>\n<span style=\"color: #000000;\"><strong>Cen\u00e1rio Atual:<\/strong><\/span><\/p>\n<ul>\n<li><span style=\"color: #000000;\">A sua empresa realiza as suas compras individualmente com fornecedores do seu relacionamento comercial e adquire EPI`S homologados internamente tendo como refer\u00eancia alguns CA aceitos.<\/span><\/li>\n<li><span style=\"color: #000000;\">As COMPRAS COLETIVAS em diversos setores j\u00e1 \u00e9 uma realidade de sucesso. Temos grande potencial de redu\u00e7\u00e3o de custos afinal somos mais de 100 empresas associadas.<\/span><\/li>\n<\/ul>\n<p><span style=\"color: #000000;\"><strong>Cen\u00e1rio Proposto:<\/strong><\/span><\/p>\n<ul>\n<li><span style=\"color: #000000;\">Realizar Compras Coletivas por Grupos de Empresas com interesses comuns em EPI atrav\u00e9s do site de Leil\u00e3o Reverso;<\/span><\/li>\n<li><span style=\"color: #000000;\">Receber propostas eletr\u00f4nicas de Fornecedores Credenciados e Homologados pelas empresas participantes;<\/span><\/li>\n<li><span style=\"color: #000000;\">Cadastrar suas inten\u00e7\u00f5es de Compras Coletivas nos dias 07 e 21 de cada m\u00eas;<\/span><\/li>\n<li><span style=\"color: #000000;\">Determinar o Per\u00edodo de Entregas com os demais Compradores e Vendedores;<\/span><\/li>\n<li>\n<p style=\"display: inline !important;\"><span style=\"color: #000000;\">Acompanhar online o Leil\u00e3o Reverso aonde todos acompanham os menores lances;<\/span><\/p>\n<\/li>\n<li><span style=\"color: #000000;\">Realizar o pagamento diretamente com o Vendedor;<\/span><\/li>\n<li>\n<p style=\"display: inline !important;\"><span style=\"color: #000000;\">Condi\u00e7\u00f5es Comerciais: Ap\u00f3s a sua empresa validar por 3 vezes os benef\u00edcios do Leil\u00e3o Reverso, a sua empresa ir\u00e1 investir apenas R$ 70,00\/m\u00eas para contribuir com a manuten\u00e7\u00e3o dos custos da CENTRAL DE COMPRAS COLETIVAS.<\/span><\/p>\n<\/li>\n<\/ul>\n<p><strong><span style=\"color: #000000;\"><span style=\"text-decoration: underline; color: #a81010;\"><span style=\"text-decoration: underline;\">EM RESUMO:<\/span><\/span>\u00a0 Para a sua empresa participar deste estrat\u00e9gico Plano de A\u00e7\u00e3o para Redu\u00e7\u00e3o de Custos, comece pela ETAPA 1 de COTA\u00c7\u00c3O , enviando para o CLUBE DE RH no e-mail murilo@clubederh.com.br as c\u00f3pias de e-mail de cota\u00e7\u00e3o que sua empresa faz regularmente com seus fornecedores.<\/span><\/strong><br \/>\n[\/av_icon_box]<\/p>\n<p>[av_hr class=&#8217;default&#8217; height=&#8217;50&#8217; shadow=&#8217;no-shadow&#8217; position=&#8217;center&#8217;]<\/p>\n<p>[av_heading heading=&#8217;PLANO DE A\u00c7\u00c3O PARA REDU\u00c7\u00c3O DE CUSTOS CENTRAL DE COMPRAS&#8217; tag=&#8217;h1&#8242; color=&#8221; style=&#8217;blockquote classic-quote&#8217; padding=&#8217;10&#8217;]<\/p>\n<p>[av_hr class=&#8217;invisible&#8217; height=&#8217;10&#8217; shadow=&#8217;no-shadow&#8217; position=&#8217;center&#8217;]<\/p>\n<p>[av_icon_box icon=&#8217;ue828&#8242; font=&#8217;entypo-fontello&#8217; position=&#8217;left&#8217; title=&#8217;CEN\u00c1RIO ATUAL:&#8217; link=&#8221; linktarget=&#8221;]<br \/>\n<span style=\"color: #000000;\">O momento atual da economia exige decis\u00f5es \u00e1geis e para aumentar receitas, sabemos que o caminho \u00e9 \u00e1rduo e de muito trabalho. Quando falamos em resultados, maior rentabilidade, sabemos que um dos desafios est\u00e1 em ter custos competitivos.<\/span><\/p>\n<p><span style=\"color: #000000;\">Dentro desse item, ter uma estrat\u00e9gia de compras assertiva e voltada para o neg\u00f3cio poder\u00e1 ser o diferencial competitivo de sua empresa, n\u00e3o somente para se obter maior lucro ou rentabilidade, mas tamb\u00e9m para se ter um custo menor do seu produto ou servi\u00e7o, no qual poder\u00e1 resultar em pre\u00e7os mais competitivos de mercado, o que poder\u00e1 trazer maior participa\u00e7\u00e3o de mercado e perenidade de seus neg\u00f3cios.<\/span><\/p>\n<p><span style=\"color: #000000;\">\u00a0Compras Coletivas s\u00e3o utilizadas a v\u00e1rios anos em diversos setores da economia com excelentes resultados gerando maior poder de compra e negocia\u00e7\u00e3o.<\/span><br \/>\n[\/av_icon_box]<\/p>\n<p>[av_hr class=&#8217;invisible&#8217; height=&#8217;15&#8217; shadow=&#8217;no-shadow&#8217; position=&#8217;center&#8217;]<\/p>\n<p>[av_icon_box icon=&#8217;ue828&#8242; font=&#8217;entypo-fontello&#8217; position=&#8217;left&#8217; title=&#8217;CEN\u00c1RIO PROPOSTO:&#8217; link=&#8221; linktarget=&#8221;]<br \/>\n<span style=\"color: #000000;\">Realizar compras coletivas, unificando inten\u00e7\u00f5es de compras de v\u00e1rias empresas associadas, usar tecnologias adequadas, promover a transpar\u00eancia no relacionamento comercial com fornecedores credenciados e homologados pela sua empresa, gerando excelentes resultados no curto prazo.<\/span><\/p>\n<p><strong><span style=\"color: #000000;\">As modalidades de compras coletivas podem ser de:<\/span><\/strong><\/p>\n<p><strong><span style=\"color: #000000;\"> a) Material de Consumo e Limpeza<\/span><\/strong><\/p>\n<p><strong><span style=\"color: #000000;\"> b) Infraestrutura e Manuten\u00e7\u00e3o <\/span><\/strong><\/p>\n<p><strong><span style=\"color: #000000;\">c) Insumos de Produ\u00e7\u00e3o.<\/span><\/strong><\/p>\n<p><span style=\"color: #000000;\">Em conjunto com as empresas associadas que participaram das reuni\u00f5es de planejamento foi decidido o in\u00edcio das compras coletivas de EPI \u2013 Equipamentos de Prote\u00e7\u00e3o Individual.<\/span><\/p>\n<p><strong><span style=\"color: #000000;\">Algumas Defini\u00e7\u00f5es:<\/span><\/strong><\/p>\n<ol>\n<li><strong><span style=\"color: #000000;\">Compras Coletivas por Grupos de Empresas com interesses comuns em EPI;<\/span><\/strong><\/li>\n<li><strong><span style=\"color: #000000;\">Fornecedores Credenciados e Homologados pelas empresas participantes;<\/span><\/strong><\/li>\n<li><strong><span style=\"color: #000000;\">Datas de Compras Coletivas dispon\u00edveis nos dias 07 e 21 de cada m\u00eas;<\/span><\/strong><\/li>\n<li><strong><span style=\"color: #000000;\">Per\u00edodos de Entregas Definidos entre Compradores e Vendedores;<\/span><\/strong><\/li>\n<li><strong><span style=\"color: #000000;\">Tecnologia de Leil\u00e3o Reverso aonde todos acompanham os menores lances online;<\/span><\/strong><\/li>\n<li><strong><span style=\"color: #000000;\">Pagamento Individualizado e Pr\u00e9 Acordado diretamente entre Comprador e Vendedor.<\/span><\/strong><\/li>\n<\/ol>\n<p><span style=\"color: #000000;\">Acreditamos que o poder de compra de mais de 100 empresas \u00e9 fator de vantagem competitiva gerando maior lucratividade em fun\u00e7\u00e3o dos menores custos.<\/span><br \/>\n[\/av_icon_box]<\/p>\n<p>[av_hr class=&#8217;invisible&#8217; height=&#8217;15&#8217; shadow=&#8217;no-shadow&#8217; position=&#8217;center&#8217;]<\/p>\n<p>[av_icon_box icon=&#8217;ue828&#8242; font=&#8217;entypo-fontello&#8217; position=&#8217;left&#8217; title=&#8217;PR\u00d3XIMOS PASSOS :&#8217; link=&#8221; linktarget=&#8221;]<br \/>\n<span style=\"color: #000000;\">O momento exige agilidade e decis\u00f5es r\u00e1pidas, portanto apresentamos as seguintes etapas:<\/span><\/p>\n<p><span style=\"color: #000000;\"><strong>\u00a0<span style=\"text-decoration: underline;\">Manifesta\u00e7\u00e3o de Interesse:<\/span><\/strong><\/span><\/p>\n<ul>\n<li style=\"display: inline !important;\"><\/li>\n<li><span style=\"color: #000000;\">As empresas interessadas em participarem das Compras Coletivas de EPI devem enviar um e-mail para <a href=\"mailto:murilo@clubederh.com.br\"><span style=\"color: #000000;\">murilo@clubederh.com.br<\/span><\/a> informando :<\/span><\/li>\n<\/ul>\n<p><span style=\"color: #000000;\">a)\u00a0\u00a0\u00a0 Respons\u00e1vel na sua empresa para este Plano de A\u00e7\u00e3o,<\/span><\/p>\n<p><span style=\"color: #000000;\">b)\u00a0\u00a0\u00a0 Rela\u00e7\u00e3o de CA\u00b4s dos EPI Homologados que a sua empresa adquire regulamente,<\/span><\/p>\n<p><span style=\"color: #000000;\">c)\u00a0\u00a0\u00a0 Fornecedores de EPI Homologados pela sua empresa com contato, fone e e-mail.<\/span><\/p>\n<p><span style=\"color: #000000;\"><strong><span style=\"text-decoration: underline;\">Comunica\u00e7\u00e3o com Fornecedores:<\/span><\/strong><\/span><\/p>\n<ul>\n<li><span style=\"color: #000000;\">O CLUBE DE RH ir\u00e1 convidar os seus fornecedores para participarem das Compras Coletivas.<\/span><\/li>\n<li><span style=\"color: #000000;\">Ser\u00e1 apresentado um relat\u00f3rio para as empresas com a rela\u00e7\u00e3o completa dos fornecedores homologados pelas empresas associadas.<\/span><\/li>\n<li><span style=\"color: #000000;\">Sua empresa poder\u00e1 a seu livre crit\u00e9rio homologar novos fornecedores.<\/span><\/li>\n<\/ul>\n<p><span style=\"color: #000000;\"><strong><em id=\"__mceDel\"><span style=\"text-decoration: underline;\">In\u00edcio das Compras Coletivas:<\/span><\/em><\/strong><\/span><\/p>\n<ul>\n<li><span style=\"color: #000000;\">Ser\u00e1 definido assim que o volume de compras das empresas interessadas atingirem um patamar que promova a Redu\u00e7\u00e3o de Custos junto aos Fornecedores Homologados;<\/span><\/li>\n<li><span style=\"color: #000000;\">At\u00e9 esta data estaremos realizando as atividades acima e informando as empresas participantes do andamento das etapas de implanta\u00e7\u00e3o.<\/span><\/li>\n<\/ul>\n<p>[\/av_icon_box]<\/p>\n<p>[av_hr class=&#8217;invisible&#8217; height=&#8217;8&#8242; shadow=&#8217;no-shadow&#8217; position=&#8217;center&#8217;]<\/p>\n<p>[av_icon_box icon=&#8217;ue828&#8242; font=&#8217;entypo-fontello&#8217; position=&#8217;left&#8217; title=&#8217;TERMO DE ADES\u00c3O:&#8217; link=&#8221; linktarget=&#8221;]<\/p>\n<ul>\n<li><span style=\"color: #000000;\">As empresas interessadas em participarem deste Plano de A\u00e7\u00e3o poder\u00e3o <span style=\"text-decoration: underline;\">participar gratuitamente de tr\u00eas compras coletivas<\/span> sem qualquer investimento com o objetivo de conhecer e comprovar a efic\u00e1cia da metodologia de trabalho.<\/span><\/li>\n<li><span style=\"color: #000000;\">Ap\u00f3s comprovar os benef\u00edcios, a sua empresa ir\u00e1 investir apenas R$ 70,00\/m\u00eas para contribuir com a manuten\u00e7\u00e3o dos custos da CENTRAL DE COMPRAS COLETIVAS\u00a0\u00a0 <\/span><\/li>\n<li><span style=\"color: #000000;\">Para realizar as atividades necess\u00e1rias na operacionaliza\u00e7\u00e3o da Central de Compras o CLUBE DE RH j\u00e1 est\u00e1 realizando diversos investimentos al\u00e9m de expressivos custos fixos atuais e futuros com equipe, central de atendimento e tecnologia. Portanto para que a Central de Compras seja autossustent\u00e1vel o CLUBE DE RH precisa de ser remunerado por esta presta\u00e7\u00e3o de servi\u00e7os.<\/span><\/li>\n<li><span style=\"color: #000000;\">Ap\u00f3s este per\u00edodo de avalia\u00e7\u00e3o as empresas interessadas poder\u00e3o a seu livre crit\u00e9rio formalizar nosso TERMO DE ADES\u00c3O.\u00a0<\/span><\/li>\n<\/ul>\n<p>[\/av_icon_box]<\/p>\n<p>[av_hr class=&#8217;invisible&#8217; height=&#8217;8&#8242; shadow=&#8217;no-shadow&#8217; position=&#8217;center&#8217;]<\/p>\n<p>[av_icon_box icon=&#8217;ue828&#8242; font=&#8217;entypo-fontello&#8217; position=&#8217;left&#8217; title=&#8217;ASPECTOS TECNOL\u00d3GICOS &#8216; link=&#8221; linktarget=&#8221;]<br \/>\n<span style=\"color: #000000;\">Para atender as necessidades de hardware e software para os dois Planos de A\u00e7\u00e3o descritos acima, usaremos a infraestrutura de tecnologia de uma de nossas empresas associadas, a CENTRAL ONLINE que atua a mais de 15 anos na transmiss\u00e3o de eletr\u00f4nica de informa\u00e7\u00f5es criptografadas para os setores de seguros e sa\u00fade.<\/span><br \/>\n[\/av_icon_box]<\/p>\n<p>[av_image src=&#8217;http:\/\/www.clubederh.com.br\/novo\/wp-content\/uploads\/CENTRAL.jpg&#8217; attachment=&#8217;2009&#8242; align=&#8217;left&#8217; animation=&#8217;no-animation&#8217; link=&#8221; target=&#8221;]<\/p>\n<p>[av_one_fourth first]<br \/>\n[av_image src=&#8217;http:\/\/www.clubederh.com.br\/novo\/wp-content\/uploads\/044.jpg&#8217; attachment=&#8217;2002&#8242; align=&#8217;center&#8217; animation=&#8217;no-animation&#8217; link=&#8221; target=&#8221;]<br \/>\n[\/av_one_fourth]<\/p>\n<p>[av_three_fourth]<br \/>\n[av_textblock ]<br \/>\n<strong>VIVO<\/strong><br \/>\n<span style=\"color: #000000;\">Estrutura completa hospedada na Vivo Telef\u00f4nica Empresas.<\/span><br \/>\n<span style=\"color: #000000;\">Ambiente seguro e confi\u00e1vel tamb\u00e9m utilizado por bancos e grandes empresas.<\/span><br \/>\n<span style=\"color: #000000;\">Utilizamos o que h\u00e1 de mais confi\u00e1vel em data centers no Brasil.<\/span><br \/>\n[\/av_textblock]<br \/>\n[\/av_three_fourth]<\/p>\n<p>[av_one_fourth first]<br \/>\n[av_image src=&#8217;http:\/\/www.clubederh.com.br\/novo\/wp-content\/uploads\/029.jpg&#8217; attachment=&#8217;2005&#8242; align=&#8217;center&#8217; animation=&#8217;no-animation&#8217; link=&#8221; target=&#8221;]<br \/>\n[\/av_one_fourth]<\/p>\n<p>[av_three_fourth]<br \/>\n[av_textblock ]<br \/>\n<strong>Serasa Experian<\/strong><br \/>\n<span style=\"color: #000000;\">Contamos com toda a seguran\u00e7a do grupo Serasa.<\/span><br \/>\n<span style=\"color: #000000;\">O certificado digital Serasa \u00e9 um documento eletr\u00f4nico que possibilita comprovar a identidade de nosso site na internet.<\/span><br \/>\n[\/av_textblock]<br \/>\n[\/av_three_fourth]<\/p>\n<p>[av_one_fourth first]<br \/>\n[av_image src=&#8217;http:\/\/www.clubederh.com.br\/novo\/wp-content\/uploads\/0111.jpg&#8217; attachment=&#8217;2006&#8242; align=&#8217;center&#8217; animation=&#8217;no-animation&#8217; link=&#8221; target=&#8221;]<br \/>\n[\/av_one_fourth]<\/p>\n<p>[av_three_fourth]<br \/>\n[av_textblock ]<br \/>\n<strong>Dell<\/strong><br \/>\n<span style=\"color: #000000;\">Servidores Dell de alta performance, flex\u00edveis e com excelente equil\u00edbrio entre armazenamento de dados internos, redund\u00e2ncia e valor.<\/span><\/p>\n<p><span style=\"color: #000000;\">\u00a0<\/span><br \/>\n[\/av_textblock]<br \/>\n[\/av_three_fourth]<\/p>\n<p>[av_one_fourth first]<br \/>\n[av_image src=&#8217;http:\/\/www.clubederh.com.br\/novo\/wp-content\/uploads\/0310.jpg&#8217; attachment=&#8217;2007&#8242; align=&#8217;center&#8217; animation=&#8217;no-animation&#8217; link=&#8221; target=&#8221;]<br \/>\n[\/av_one_fourth]<\/p>\n<p>[av_three_fourth]<br \/>\n[av_textblock ]<br \/>\n<strong>Central de Atendimento<\/strong><br \/>\n<span style=\"color: #000000;\">Central telef\u00f4nica com tecnologia VOIP (Voice Over IP) que garante escalabilidade, flexibilidade e seguran\u00e7a nas liga\u00e7\u00f5es.<\/span><br \/>\n[\/av_textblock]<br \/>\n[\/av_three_fourth]<\/p>\n","protected":false},"excerpt":{"rendered":"<p>[av_heading heading=&#8217;ETAPAS DE IMPLANTA\u00c7\u00c3O&#8217; tag=&#8217;h1&#8242; color=&#8221; style=&#8217;blockquote classic-quote&#8217; padding=&#8217;0&#8242;] [av_hr class=&#8217;default&#8217; height=&#8217;50&#8217; shadow=&#8217;no-shadow&#8217; position=&#8217;center&#8217;] [av_heading heading=&#8217;COMPRAS CONJUNTAS DE EPI-EQUIPAMENTOS DE PROTE\u00c7\u00c3O INDIVIDUAL&#8217; tag=&#8217;h3&#8242; color=&#8221; style=&#8217;blockquote classic-quote&#8217; padding=&#8217;7&#8242;] [av_textblock] Com o objetivo de assegurar que as empresas participantes se sintam seguras &hellip; <a href=\"https:\/\/www.clubederh.com.br\/?page_id=1977\">Continue lendo <span class=\"meta-nav\">&rarr;<\/span><\/a><\/p>\n","protected":false},"author":2,"featured_media":0,"parent":0,"menu_order":0,"comment_status":"open","ping_status":"open","template":"","meta":{"footnotes":""},"_links":{"self":[{"href":"https:\/\/www.clubederh.com.br\/index.php?rest_route=\/wp\/v2\/pages\/1977"}],"collection":[{"href":"https:\/\/www.clubederh.com.br\/index.php?rest_route=\/wp\/v2\/pages"}],"about":[{"href":"https:\/\/www.clubederh.com.br\/index.php?rest_route=\/wp\/v2\/types\/page"}],"author":[{"embeddable":true,"href":"https:\/\/www.clubederh.com.br\/index.php?rest_route=\/wp\/v2\/users\/2"}],"replies":[{"embeddable":true,"href":"https:\/\/www.clubederh.com.br\/index.php?rest_route=%2Fwp%2Fv2%2Fcomments&post=1977"}],"version-history":[{"count":30,"href":"https:\/\/www.clubederh.com.br\/index.php?rest_route=\/wp\/v2\/pages\/1977\/revisions"}],"predecessor-version":[{"id":1979,"href":"https:\/\/www.clubederh.com.br\/index.php?rest_route=\/wp\/v2\/pages\/1977\/revisions\/1979"}],"wp:attachment":[{"href":"https:\/\/www.clubederh.com.br\/index.php?rest_route=%2Fwp%2Fv2%2Fmedia&parent=1977"}],"curies":[{"name":"wp","href":"https:\/\/api.w.org\/{rel}","templated":true}]}}