{"id":4069,"date":"2017-03-20T13:38:07","date_gmt":"2017-03-20T13:38:07","guid":{"rendered":"http:\/\/www.clubederh.com.br\/?page_id=4069"},"modified":"2017-03-20T14:15:50","modified_gmt":"2017-03-20T14:15:50","slug":"encontros-anteriores","status":"publish","type":"page","link":"https:\/\/www.clubederh.com.br\/?page_id=4069","title":{"rendered":"Encontros Anteriores"},"content":{"rendered":"<p>[av_one_full first]<\/p>\n<p>[av_textblock ]<br \/>\n<span style=\"color: #000000;\">15\/03\/2017 \u2013 Extrema\/MG<\/span><br \/>\n<span style=\"color: #000000;\">Palestra: \u201cImpactos da Tecnologia para o RH que gera Resultados\u201d com Mari Mei.<\/span><br \/>\n<span style=\"color: #000000;\">Palestra: \u201cProcessos trabalhistas mais comuns na Regi\u00e3o e como evit\u00e1-los\u201d com a Dra. Luciana Lambert.<\/span>\u00a0<a href=\"http:\/\/www.clubederh.com.br\/?cat=4\" target=\"_blank\"><strong>(Saiba mais)<\/strong><\/a><\/p>\n<p><span style=\"color: #000000;\">15\/02\/2017 \u2013 Extrema\/MG<\/span><strong style=\"color: #000000;\">\u00a0<\/strong><br \/>\n<span style=\"color: #000000;\">Apresenta\u00e7\u00e3o dos Planos de A\u00e7\u00e3o: Adequa\u00e7\u00e3o \u00e0 NR12 com Redu\u00e7\u00e3o de Custos e Gest\u00e3o de Sa\u00fade do Trabalhador<\/span><\/p>\n<p><span style=\"color: #000000;\">08\/12\/2016 \u2013 Extrema\/MG<\/span><br \/>\n<span style=\"color: #000000;\">Palestra do Clube de RH: \u201cTend\u00eancias em Gest\u00e3o de Pessoas para 2017\u2033 com K\u00e1tia Moreno e Jos\u00e9 Antonio.<\/span><\/p>\n<p><span style=\"color: #000000;\">22\/11\/2016 \u2013 Extrema\/MG<\/span><br \/>\n<span style=\"color: #000000;\">Apresenta\u00e7\u00e3o dos Planos de A\u00e7\u00e3o: Adequa\u00e7\u00e3o \u00e0 NR12 com Redu\u00e7\u00e3o de Custos e Gest\u00e3o de Sa\u00fade do Trabalhador<\/span><\/p>\n<p><span style=\"color: #000000;\">25\/11\/2016 \u2013 Barueri\/SP<\/span><br \/>\n<span style=\"color: #000000;\">Apresenta\u00e7\u00e3o dos Planos de A\u00e7\u00e3o: Adequa\u00e7\u00e3o \u00e0 NR12 com Redu\u00e7\u00e3o de Custos e Redu\u00e7\u00e3o de Custos e Aumento de Competitividade com o Benef\u00edcio Sa\u00fade<\/span><\/p>\n<p><span style=\"color: #000000;\">28\/10\/2016 \u2013 Sert\u00e3ozinho\/SP<\/span><br \/>\n<span style=\"color: #000000;\">Apresenta\u00e7\u00e3o do Plano de A\u00e7\u00e3o: Gest\u00e3o de Sa\u00fade do Trabalhador \u00a0com Redu\u00e7\u00e3o de Sinistralidade para Empresas de Autogest\u00e3o<\/span><\/p>\n<p><span style=\"color: #000000;\">20\/10\/2016 \u2013 Bragan\u00e7a Paulista\/SP<\/span><br \/>\n<span style=\"color: #000000;\">Apresenta\u00e7\u00e3o dos Planos de A\u00e7\u00e3o: Adequa\u00e7\u00e3o \u00e0 NR12 com Redu\u00e7\u00e3o de Custos e Gest\u00e3o de Sa\u00fade do Trabalhador<\/span><\/p>\n<p><span style=\"color: #000000;\">28\/09\/2016 \u2013 Extrema\/MG<\/span><br \/>\n<span style=\"color: #000000;\">Palestra do Clube de RH: L\u00edder do Futuro com C\u00e9sar Ayer<\/span><\/p>\n<p><span style=\"color: #000000;\">15\/09\/2016 \u2013 Ribeir\u00e3o Preto\/SP<\/span><br \/>\n<span style=\"color: #000000;\">Apresenta\u00e7\u00e3o dos Planos de A\u00e7\u00e3o: Adequa\u00e7\u00e3o \u00e0 NR 12 com Redu\u00e7\u00e3o de Custos e Comit\u00ea de Sa\u00fade<\/span><\/p>\n<p><span style=\"color: #000000;\">20\/09\/2016 \u2013 Extrema\/MG<\/span><br \/>\n<span style=\"color: #000000;\">Apresenta\u00e7\u00e3o dos Planos de A\u00e7\u00e3o: Adequa\u00e7\u00e3o \u00e0 NR 12 com Redu\u00e7\u00e3o de Custos e Comit\u00ea de Sa\u00fade<\/span><\/p>\n<p><span style=\"color: #000000;\">17\/08\/2016 \u2013 Bragan\u00e7a Paulista\/SP<\/span><br \/>\n<span style=\"color: #000000;\">Apresenta\u00e7\u00e3o dos Planos de A\u00e7\u00e3o: Adequa\u00e7\u00e3o \u00e0 NR 12 com Redu\u00e7\u00e3o de Custos<\/span><\/p>\n<p><span style=\"color: #000000;\">18\/08\/2016 \u2013 Extrema\/MG<\/span><br \/>\n<span style=\"color: #000000;\">Reuni\u00e3o do Grupo de Estudos Tribut\u00e1rios<\/span><\/p>\n<p><span style=\"color: #000000;\">13\/07\/2016 \u2013 Bragan\u00e7a Paulista\/SP<\/span><br \/>\n<span style=\"color: #000000;\">1\u00ba Encontro do Clube de RH em Bragan\u00e7a Paulista<\/span><\/p>\n<p><span style=\"color: #000000;\">23\/06\/2016 \u2013 Extrema\/MG<\/span><br \/>\n<span style=\"color: #000000;\">Reuni\u00e3o do Grupo de Estudos Tribut\u00e1rios: Tributa\u00e7\u00e3o do IRPJ e SPED ECF<\/span><\/p>\n<p><span style=\"color: #000000;\">15\/06\/2016 \u2013 Atibaia\/SP<\/span><br \/>\n<span style=\"color: #000000;\">5\u00ba F\u00f3rum de Lideran\u00e7a do Clube de RH.<\/span><\/p>\n<p><span style=\"color: #000000;\">31\/05\/2016 &#8211; Extrema\/MG<\/span><br \/>\n<span style=\"color: #000000;\">Reuni\u00e3o : Plano de A\u00e7\u00e3o de Adequa\u00e7\u00e3o \u00e0 NR 12 com Redu\u00e7\u00e3o de Custos.<\/span><\/p>\n<p><span style=\"color: #000000;\">13\/04\/2016 \u2013 Extrema\/MG<\/span><br \/>\n<span style=\"color: #000000;\">Palestra: \u201cQualidade de Vida: &#8220;Quantos anos voc\u00ea quer ter quando tiver 50?&#8221; com Rosa Paulino<\/span>\u00a0<a href=\"http:\/\/www.clubederh.com.br\/?p=3003\">[saiba mais]<\/a>.<\/p>\n<p><span style=\"color: #000000;\">16\/03\/2016\u00a0\u2013 Extrema\/MG<\/span><br \/>\n<span style=\"color: #000000;\">Reuni\u00e3o Especial: Plano de A\u00e7\u00e3o de Adequa\u00e7\u00e3o \u00e0 NR 12 com Redu\u00e7\u00e3o de Custos.<\/span><\/p>\n<p><span style=\"color: #000000;\">17\/02\/2016 \u2013 Extrema\/MG<\/span><br \/>\n<span style=\"color: #000000;\">Palestra: \u201c2016: Novos H\u00e1bitos, Novos Resultados\u201d com Carlos Chaer<\/span> [<a href=\"http:\/\/www.clubederh.com.br\/?p=2426\">resumo<\/a>]<\/p>\n<p><span style=\"color: #000000;\">09\/12\/2015 \u2013 Extrema\/MG<\/span><br \/>\n<span style=\"color: #000000;\">Semin\u00e1rio de Lideran\u00e7a, Motiva\u00e7\u00e3o, Comunica\u00e7\u00e3o e Arte<\/span>\u00a0[<a href=\"http:\/\/www.clubederh.com.br\/?p=2240\">Saiba mais<\/a>]<\/p>\n<p><span style=\"color: #000000;\">11\/11\/2015 \u2013 Extrema\/MG<\/span><br \/>\n<span style=\"color: #000000;\">Palestra: &#8220;Produtividade e Gest\u00e3o do Tempo?&#8221; com Marcio Welter<\/span><\/p>\n<p><span style=\"color: #000000;\">22\/10\/2015 \u2013 Extrema\/MG<\/span><br \/>\n<span style=\"color: #000000;\">Palestra: &#8220;Procedimentos em uma visita de um fiscal do MTE&#8221; com Dr. Rodrigo Fonseca<\/span><\/p>\n<p><span style=\"color: #000000;\">16\/09\/2015 \u2013 Extrema\/MG\u00a0<strong><a href=\"http:\/\/www.clubederh.com.br\/?page_id=2155\"><span style=\"color: #000000;\"><br \/>\n<\/span><\/a><\/strong>Palestra:\u00a0&#8220;A realidade tribut\u00e1ria e fiscal no Brasil e seu impacto nos Departamentos de Recursos Humanos &#8211; o aumento da interconectividade e da coopera\u00e7\u00e3o entre setores da corpora\u00e7\u00e3o&#8221; com o\u00a0Dr.\u00a0Rodrigo Fonseca.<\/span><\/p>\n<p><span style=\"color: #000000;\">12\/08\/2015 \u2013 Extrema\/MG<strong>\u00a0<\/strong><\/span><br \/>\n<span style=\"color: #000000;\"><strong><\/strong>Palestra: &#8220;Conversas\u00a0Decisivas&#8221; com<\/span>\u00a0<a href=\"http:\/\/www.clubederh.com.br\/?p=1491\" target=\"_blank\">Gustavo Falc\u00e3o<\/a>.<\/p>\n<p><span style=\"color: #000000;\">15\/07\/2015 \u2013 Extrema\/MG<\/span><br \/>\n<span style=\"color: #000000;\">Palestra: &#8220;Resultados da Pesquisa de Tend\u00eancias em Gest\u00e3o de Pessoas \u2013 PTGP-2015&#8221; com K\u00e1tia Moreno e Jos\u00e9 Antonio Silva.<\/span><\/p>\n<p><span style=\"color: #000000;\">10\/06\/2015 \u2013 IV F\u00f3rum de Lideran\u00e7a do Clube de RH &#8211; Atibaia\/SP<\/span>\u00a0&#8211;<a href=\"http:\/\/www.clubederh.com.br\/?p=1794\">\u00a0Acesse aqui a programa\u00e7\u00e3o do Encontro\u00a0e os materiais compartilhados<\/a><br \/>\n<span style=\"color: #000000;\">Palestra: \u201cTend\u00eancias da Lideran\u00e7a e Desafio dos L\u00edderes\u201d com o<\/span>\u00a0<a href=\"http:\/\/www.clubederh.com.br\/?p=1718\" target=\"_blank\">Prof. Joel Dutra<\/a><br \/>\n<span style=\"color: #000000;\">Palestra: \u201cRaz\u00e3o e Emo\u00e7\u00e3o \u2013 Fatores para a mudan\u00e7a comportamental\u201d\u00a0com<\/span>\u00a0<a href=\"http:\/\/www.clubederh.com.br\/?p=1772\" target=\"_blank\">Tom Coelho<\/a><br \/>\n<span style=\"color: #000000;\">Palestra: \u201cA Gest\u00e3o por Valores com foco em Lideran\u00e7a\u201d\u00a0com<\/span>\u00a0<a href=\"http:\/\/www.clubederh.com.br\/?p=1722\" target=\"_blank\">Carlos Legal<\/a><\/p>\n<p><span style=\"color: #000000;\">13\/05\/2015 \u2013 Extrema\/MG<\/span> &#8211;\u00a0<a href=\"http:\/\/www.clubederh.com.br\/?p=1640\">Acesse aqui a programa\u00e7\u00e3o do Encontro<\/a><br \/>\n<span style=\"color: #000000;\">Apresenta\u00e7\u00e3o dos Planos de A\u00e7\u00e3o do Clube de RH\u00a0com \u00eanfase \u00a0em\u00a0 Absente\u00edsmo\/Sa\u00fade\/Sinistralidade<\/span><br \/>\n<span style=\"color: #000000;\">Palestra:\u00a0\u201cMeritocracia e Compet\u00eancias &#8211; Avaliando Desempenho e Construindo Resultados Sustent\u00e1veis\u201d com\u00a0<\/span><a href=\"http:\/\/www.clubederh.com.br\/?p=1713\" target=\"_blank\">Rog\u00e9rio Leme<\/a><\/p>\n<p><span style=\"color: #000000;\">15\/04\/2015 \u2013 Extrema\/MG<\/span> &#8211;\u00a0<a href=\"http:\/\/www.clubederh.com.br\/?p=1487\">Acesse aqui a programa\u00e7\u00e3o do Encontro.<\/a><br \/>\n<span style=\"color: #000000;\">Palestra:\u00a0\u201cVantagens do Trabalho Tempor\u00e1rio &#8211; \u00a0Aspectos Legais e Sociais\u201d com\u00a0<a href=\"http:\/\/www.clubederh.com.br\/?p=1647\" target=\"_blank\"><span style=\"color: #000000;\">Edmilson Luiz Formentini<\/span><\/a>.<\/span><br \/>\n<span style=\"color: #000000;\">Palestra:\u00a0\u201cO Poder Diretivo do Empregador\u201d com a Dra. Fabr\u00edcia da Silva Monteiro.<\/span><br \/>\n<span style=\"color: #000000;\">Palestra:\u00a0\u201cPreven\u00e7\u00e3o de Passivos Trabalhistas &#8211; Ass\u00e9dio Moral e Sexual\u201d com a Dra. Fabr\u00edcia da Silva Monteiro.<\/span><\/p>\n<p><span style=\"color: #000000;\">18\/03\/2015 \u2013 Extrema\/MG<\/span><strong><span style=\"color: #000000;\">\u00a0<\/span>&#8211;\u00a0<\/strong><a href=\"http:\/\/www.clubederh.com.br\/?p=1467\" target=\"_blank\">Acesse aqui a S\u00edntese do Encontro e os Materiais Compartilhados<\/a><br \/>\n<span style=\"color: #000000;\">Reuni\u00e3o sobre Objetivos e Resultados atualizados destacando a a\u00e7\u00e3o da Central de Compras\u00a0com o Coordenador Mauricio Tornero.<\/span><br \/>\n<span style=\"color: #000000;\">Palestra: &#8220;A Produtividade atrav\u00e9s do Gerenciamento de Energia &#8211; Gest\u00e3o do Tempo&#8221; com<\/span>\u00a0<a href=\"http:\/\/www.clubederh.com.br\/?p=1468\">Carlos Chaer<\/a><\/p>\n<p><span style=\"color: #000000;\">11\/02\/2015 \u2013 Extrema\/MG<\/span> &#8211;\u00a0<a href=\"http:\/\/www.clubederh.com.br\/?p=1443\">Acesse aqui a S\u00edntese do Encontro e os Materiais Compartilhados<\/a><br \/>\n<span style=\"color: #000000;\">Palestra: \u201cInova\u00e7\u00e3o na Pr\u00e1tica &#8211;\u00a0A Gest\u00e3o de Terceiros no Ambiente Empresarial\u201d com\u00a0Vanderlei Heloany<\/span><br \/>\n<span style=\"color: #000000;\">Palestra: \u201cSintonia e Harmonia para Ser Feliz\u201d com\u00a0Benedito Milioni<\/span><\/p>\n<p><span style=\"color: #000000;\">10\/12\/2014 \u2013 Extrema\/MG<\/span><br \/>\n<span style=\"color: #000000;\">Palestra: \u201cPor qu\u00ea os L\u00edderes Falham?\u201d com\u00a0Alberto Ruggiero<\/span><\/p>\n<p><span style=\"color: #000000;\">12\/11\/2014 \u2013 Extrema\/MG<\/span><br \/>\n<span style=\"color: #000000;\">Palestra: \u201cLideran\u00e7a Humana e de Resultados\u201d com\u00a0Adolfo Plinio Pereira.<\/span><\/p>\n<p><span style=\"color: #000000;\">05\/11\/2014 \u2013 Extrema\/MG<\/span><br \/>\n<span style=\"color: #000000;\">Reuni\u00e3o Especial &#8211; Redu\u00e7\u00e3o de Custos<\/span><\/p>\n<p><span style=\"color: #000000;\">15\/10\/2014 \u2013 Extrema\/MG<\/span><br \/>\n<span style=\"color: #000000;\">Palestra: \u201cUm Modelo de Lideran\u00e7a Baseado em Nelson Mandela\u201d com Sidnei Batista<\/span><\/p>\n<p><span style=\"color: #000000;\">15\/10\/2014 \u2013 Extrema\/MG<\/span><br \/>\n<span style=\"color: #000000;\">Reuni\u00e3o Extra da Comiss\u00e3o de Seguran\u00e7a do Trabalho e Medicina Ocupacional<\/span><\/p>\n<p><span style=\"color: #000000;\">10\/09\/2014 \u2013 Extrema\/MG<\/span><br \/>\n<span style=\"color: #000000;\">Palestra:\u00a0Os Benef\u00edcios da Gest\u00e3o do Bom Humor no Trabalho com Marcelo Pinto<\/span><\/p>\n<p><span style=\"color: #000000;\">13\/08\/2014 \u2013 Extrema\/MG<\/span><br \/>\n<span style=\"color: #000000;\">Palestra: \u201cSegredos da Comunica\u00e7\u00e3o Eficaz Para Profissionais de RH\u201d com Jos\u00e9 Carlos Matheus Chaer.<\/span>\u00a0<a href=\"http:\/\/www.clubederh.com.br\/?p=505\" target=\"_blank\">Saiba mais<\/a><\/p>\n<p><span style=\"color: #000000;\">16\/07\/2014 \u2013 Extrema\/MG<\/span><br \/>\n<span style=\"color: #000000;\">Palestra: \u201cNeuroBusiness e RH Estrat\u00e9gico\u201d com In\u00eas Cozzo.<\/span>\u00a0<a href=\"http:\/\/www.clubederh.com.br\/palestra-16-07-2014.html\">\u00a0Saiba mais<\/a><\/p>\n<p><span style=\"color: #000000;\">18\/06\/2014 \u2013 Atibaia\/SP<\/span><br \/>\n<span style=\"color: #000000;\">Palestra 1: \u201cO Papel do L\u00edder na Gest\u00e3o do Clima Organizacional\u201d com Marcelo Boog.<\/span><br \/>\n<span style=\"color: #000000;\">Palestra 2: \u201cEngajamento e Desengajamento: Muito Al\u00e9m do Comprometimento\u201d com Rog\u00e9rio Ch\u00e9r.<\/span><br \/>\n<span style=\"color: #000000;\">Palestra 3: \u201cO Desafio da Lideran\u00e7a Conectiva: Como liderar a Gera\u00e7\u00e3o Y\u201d com Sidnei Oliveira.<\/span><br \/>\n<span style=\"color: #000000;\">Palestra 4: \u201cVoc\u00ea (o L\u00edder) \u00e9 o que Voc\u00ea Compartilha\u201d com Gil Giardelli.<\/span><br \/>\n<span style=\"color: #000000;\"><a href=\"http:\/\/www.clubederh.com.br\/forum-18-06-2014.html\" target=\"_blank\"><span style=\"color: #000000;\">Saiba mais<\/span><\/a><\/span><\/p>\n<p><span style=\"color: #000000;\">14\/05\/2014 \u2013 Extrema\/MG<\/span><br \/>\n<span style=\"color: #000000;\">Palestra: \u201cLideran\u00e7a Emp\u00e1tica e Intelig\u00eancia Emocional: Caminho para a Gest\u00e3o de Conflitos\u201d com Minoru Ueda.<\/span><br \/>\n<span style=\"color: #000000;\"><a href=\"http:\/\/www.clubederh.com.br\/palestra-14-05-2014.html\" target=\"_blank\"><span style=\"color: #000000;\">Saiba mais<\/span><\/a><\/span><\/p>\n<p><span style=\"color: #000000;\">16\/04\/2014 \u2013 Extrema\/MG<\/span><br \/>\n<span style=\"color: #000000;\">Palestra: \u201cLideran\u00e7a Assertiva\u201d com Ricardo Piovan.<\/span><br \/>\n<span style=\"color: #000000;\"><a href=\"http:\/\/www.clubederh.com.br\/palestra-16-04-2014.html\" target=\"_blank\"><span style=\"color: #000000;\">Saiba mais<\/span><\/a><\/span><\/p>\n<p><span style=\"color: #000000;\">19\/03\/2014 \u2013 Extrema\/MG<\/span><br \/>\n<span style=\"color: #000000;\">Palestra: \u201cL\u00edder Premium 4 x mais resultados\u201d com Maryn\u00eas Pereira.<\/span><br \/>\n<span style=\"color: #000000;\"><a href=\"http:\/\/www.clubederh.com.br\/palestra-19-03-2014.html\"><span style=\"color: #000000;\">Saiba mais<\/span><\/a><\/span><\/p>\n<p><span style=\"color: #000000;\">19\/02\/2014 \u2013 Extrema\/MG<\/span><br \/>\n<span style=\"color: #000000;\">Palestra: \u201cO Inimigo do Engajamento Profissional\u201d com Helena Steiner (Hay Group).<\/span><br \/>\n<span style=\"color: #000000;\"><a href=\"http:\/\/www.clubederh.com.br\/?p=817\"><span style=\"color: #000000;\">Saiba mais<\/span><\/a><\/span><\/p>\n<p><span style=\"color: #000000;\">04\/12\/2013 \u2013 Extrema\/MG<\/span><br \/>\n<span style=\"color: #000000;\">Palestra: \u201cLiderando para o Engajamento da Equipe\u201d com Regina Giannetti Dias Pereira.\u00a0<\/span><a href=\"http:\/\/www.clubederh.com.br\/palestra-dezembro-2013.html\" target=\"_blank\">Saiba mais<\/a><\/p>\n<p><span style=\"color: #000000;\">13\/11\/2013 \u2013 Extrema\/MG<\/span><br \/>\n<span style=\"color: #000000;\">Palestra: \u201c\u201cUm novo mundo, uma nova pessoa, novas compet\u00eancias. Tudo mudou e Agora?\u201d\u00a0com Jos\u00e9 Renato Zornetta.\u00a0<\/span><a href=\"http:\/\/www.clubederh.com.br\/palestra-%E2%80%9Co-papel-do-rh-nos-processos-de-cocriacao-e-inovacao-colaborativa.html\" target=\"_blank\">Saiba mais<\/a><\/p>\n<p><span style=\"color: #000000;\">16\/10\/2013 \u2013 Extrema\/MG<\/span><br \/>\n<span style=\"color: #000000;\">Palestra:\u00a0\u201dT\u00e9cnicas de Comunica\u00e7\u00e3o e Negocia\u00e7\u00e3o para Profissionais de RH\u201d com Renata Furlan (Crescimentum).<\/span>\u00a0<a href=\"http:\/\/www.clubederh.com.br\/clube-news-sintese-outubro2013.html\" target=\"_blank\">Saiba mais<\/a><\/p>\n<p><span style=\"color: #000000;\">18\/09\/2013 \u2013 Extrema\/MG<\/span><br \/>\n<span style=\"color: #000000;\">Palestra:\u00a0\u201cUm olhar Psicossom\u00e1tico ao stress e \u00e0s doen\u00e7as ocupacionais \u2013 como dimensionar o RH nesse contexto\u201d com a Prof\u00aa. Regina Damazo (FAAT).\u00a0<\/span><a href=\"http:\/\/www.clubederh.com.br\/palestra-%E2%80%9Cum-olhar-psicossomatico-ao-stress-e-as-doencas-ocupacionais-como-dimensionar-o-rh-nesse-contexto%E2%80%9D.html\">Saiba mais<\/a><\/p>\n<p><span style=\"color: #000000;\">14\/08\/2013 \u2013 Extrema\/MG<\/span><br \/>\n<span style=\"color: #000000;\">Palestra:<\/span>\u00a0<a href=\"http:\/\/www.clubederh.com.br\/palestra-%E2%80%9Cprincipio-do-progresso-como-liderar-equipes-autonomas%E2%80%9D.html\">\u201cPrinc\u00edpio do progresso, como liderar equipes aut\u00f4nomas\u201d com o Prof. Juca Pal\u00e1cios (HSM Educa\u00e7\u00e3o).<\/a><\/p>\n<p><span style=\"color: #000000;\">17\/07\/2013 \u2013 Extrema\/MG<\/span><br \/>\n<span style=\"color: #000000;\">Palestra:<\/span>\u00a0<a href=\"http:\/\/www.clubederh.com.br\/palestra-resultados-da-pesquisa-de-tendencias-em-gestao-de-pessoas-%E2%80%93-ptgp-2013.html\">\u201cResultados da Pesquisa de Tend\u00eancias em Gest\u00e3o de Pessoas \u2013 PTGP-2013\u2033 com K\u00e1tia Moreno<\/a>.<\/p>\n<p><span style=\"color: #000000;\">19\/06\/2013 \u2013 Atibaia\/SP<\/span><br \/>\n<a href=\"http:\/\/www.clubederh.com.br\/clube-news-ii-forum-de-lideranca-atrai-profissionais-de-toda-regiao.html\" target=\"_self\">II F\u00f3rum de Lideran\u00e7a do Clube de RH no Atibaia Residence Hotel<br \/>\nPalestra 1: \u201cL\u00edder: Como construir Equipes de Alta Performance\u201d com Cl\u00e1udio Queir\u00f3z;<br \/>\nPalestra 2: \u201cLideran\u00e7a Positiva na Pr\u00e1tica\u201d com Karim Khoury;<br \/>\nPalestra 3: \u201cAgora \u00e9 pra Valer: Transmutando Chefes em L\u00edderes Atrav\u00e9s da Lideran\u00e7a Transformadora\u201d com Marcia Luz.<\/a><\/p>\n<p><span style=\"color: #000000;\">15\/05\/2013 \u2013 Bragan\u00e7a Paulista\/SP<\/span><br \/>\n<span style=\"color: #000000;\">Palestra: <\/span>\u201cO Papel do RH no desenvolvimento da Criatividade e de Inova\u00e7\u00f5es\u201d com Gisela Kassoy<\/p>\n<p><span style=\"color: #000000;\">17\/04\/2013 \u2013 Extrema\/MG<\/span><br \/>\n<a href=\"http:\/\/www.clubederh.com.br\/clube-news-christian-barbosa-e-%E2%80%9Ca-triade-do-tempo%E2%80%9D-no-clube-de-rh-de-extrema.html\"><span style=\"text-decoration: underline; color: #000000;\">Palestra:<\/span> \u201d A Tr\u00edade do Tempo\u201d com Christian Barbosa<\/a><\/p>\n<p><span style=\"color: #000000;\">20\/03\/2013 \u2013 Extrema\/MG<\/span><br \/>\n<a href=\"http:\/\/www.clubederh.com.br\/clube-news-gestao-de-conflitos-com-sidnei-batista-no-clube-de-rh-de-extrema.html\"><span style=\"color: #000000;\">Palestra:<\/span> Gest\u00e3o de Conflitos com Sidnei Batista<\/a><\/p>\n<p>20\/02\/2013 \u2013 Extrema\/MG<br \/>\n<a href=\"http:\/\/www.clubederh.com.br\/o-autoconhecimento-como-competencia-no-clube-de-rh-de-extrema-e-regiao.html\" target=\"_self\"><span style=\"color: #000000;\">Palestra:<\/span> \u201c8 ou 80 \u2013 O Autoconhecimento como compet\u00eancia\u201d com Branca Bar\u00e3o.<\/a><br \/>\n[\/av_textblock]<\/p>\n<p>[\/av_one_full]<\/p>\n","protected":false},"excerpt":{"rendered":"<p>[av_one_full first] [av_textblock ] 15\/03\/2017 \u2013 Extrema\/MG Palestra: \u201cImpactos da Tecnologia para o RH que gera Resultados\u201d com Mari Mei. Palestra: \u201cProcessos trabalhistas mais comuns na Regi\u00e3o e como evit\u00e1-los\u201d com a Dra. Luciana Lambert.\u00a0(Saiba mais) 15\/02\/2017 \u2013 Extrema\/MG\u00a0 Apresenta\u00e7\u00e3o &hellip; <a href=\"https:\/\/www.clubederh.com.br\/?page_id=4069\">Continue lendo <span class=\"meta-nav\">&rarr;<\/span><\/a><\/p>\n","protected":false},"author":2,"featured_media":0,"parent":0,"menu_order":0,"comment_status":"open","ping_status":"open","template":"","meta":{"footnotes":""},"_links":{"self":[{"href":"https:\/\/www.clubederh.com.br\/index.php?rest_route=\/wp\/v2\/pages\/4069"}],"collection":[{"href":"https:\/\/www.clubederh.com.br\/index.php?rest_route=\/wp\/v2\/pages"}],"about":[{"href":"https:\/\/www.clubederh.com.br\/index.php?rest_route=\/wp\/v2\/types\/page"}],"author":[{"embeddable":true,"href":"https:\/\/www.clubederh.com.br\/index.php?rest_route=\/wp\/v2\/users\/2"}],"replies":[{"embeddable":true,"href":"https:\/\/www.clubederh.com.br\/index.php?rest_route=%2Fwp%2Fv2%2Fcomments&post=4069"}],"version-history":[{"count":4,"href":"https:\/\/www.clubederh.com.br\/index.php?rest_route=\/wp\/v2\/pages\/4069\/revisions"}],"predecessor-version":[{"id":4071,"href":"https:\/\/www.clubederh.com.br\/index.php?rest_route=\/wp\/v2\/pages\/4069\/revisions\/4071"}],"wp:attachment":[{"href":"https:\/\/www.clubederh.com.br\/index.php?rest_route=%2Fwp%2Fv2%2Fmedia&parent=4069"}],"curies":[{"name":"wp","href":"https:\/\/api.w.org\/{rel}","templated":true}]}}